 + 1 - 301/(-43). Let r(x) = x**3 - 8*x**2 + 16. What is the units digit of r(n)?
1
Let c(b) = 6*b + 11. Let p be c(-8). Let z be 7/28 + 1662/8. Let i = p + z. What is the units digit of i?
1
Let k be (2 + 64/5)*5. Suppose -49 = -2*c - 5*p, 3*c + c - k = -2*p. Let r = c + 72. What is the tens digit of r?
8
Let t be (-136 + 5)/(2 + -3). Let u = t + 148. Suppose -2*s + u = s. What is the tens digit of s?
9
Suppose 3*j - 30 = 5*p, 3*j = -8*p + 4*p + 30. What is the tens digit of 5/(j/(-316))*15/(-10)?
3
Let a(g) = -51*g - 17 - 32*g**3 + 48*g**3 - 17*g**3 - 21*g**2. What is the hundreds digit of a(-21)?
0
Suppose -s + 3 = 2*o - 14, 5*s + 5 = 0. Suppose o*a = -4*a + 130. Let r = a + 83. What is the units digit of r?
3
Suppose 4*s - j - 3 = 0, 16*s - 12*s = -2*j - 6. Suppose s = 4*i + y - 1560, -3*y = 3*i + i - 1560. What is the units digit of i?
0
Let u = 14 + -5. Let a = u - -22. Suppose a = 2*w - 3*b - 7, -3*w = 5*b - 95. What is the tens digit of w?
2
Let x(h) = 22*h**2 + 115*h - 296. What is the tens digit of x(-18)?
6
Let n = 4955 - 4944. Let o(k) = 3*k**2 - 5*k + 21. Let r(g) = 7*g**2 - 9*g + 41. Let s(u) = -9*o(u) + 4*r(u). What is the tens digit of s(n)?
9
Suppose 10 = 3*c - 8*c. Let h(f) be the first derivative of -5*f**4/4 + 2*f**3/3 - f**2 - 2*f - 67. What is the tens digit of h(c)?
5
Let w(b) = -588*b**3 + b**2 + 2*b + 21. What is the thousands digit of w(-2)?
4
Let g(n) = -382*n**3 + n + 2. Let y be g(-1). Let k = -258 + y. What is the tens digit of k?
2
Let r = -60 - -62. Let n be 80/(-6)*(-6)/(-4). What is the units digit of (-6 - n)*(1/r - -2)?
5
Let x(t) = 10*t**3 + 28*t**2 + 11*t - 172. What is the hundreds digit of x(14)?
9
Suppose 0 = 29*s - 35*s - 30. What is the tens digit of (s*(-3544)/40)/1?
4
Let z = 95 + -83. Let s(r) = -r**2 - z*r + 9*r + 24*r + 67. What is the tens digit of s(23)?
2
Let a = 211 + -36. Suppose 0 = -13*o + a + 5142. What is the tens digit of o?
0
Suppose -1042 = 3*c - 148. What is the tens digit of (c/4)/(-3*5/30)?
4
Suppose 16*t - 12*t = -4*h + 107104, -107160 = -4*t + 3*h. What is the units digit of t?
4
Let b = -78 + 87. Suppose -b*l - 962 = -4220. What is the units digit of l?
2
Let j = -106 + 115. Suppose 6*i + j*i - 6135 = 0. What is the hundreds digit of i?
4
Suppose -3*y + 0*q = 5*q + 202, -4*y = 5*q + 266. Suppose 0 = 4*z - 2*z. Let k = z - y. What is the tens digit of k?
6
Let o = 24472 - 6042. What is the tens digit of o?
3
Let z be (-1 + 6)/((-32)/1312). Suppose 2*g + 4*f + 1488 = -2*g, 372 = -g - 3*f. Let x = z - g. What is the tens digit of x?
6
Suppose 10*o + 2794 = 21*o. Suppose -3*a = 2*v + a - o, 5*v - 2*a = 575. What is the tens digit of v?
1
Let t = -575 + 279. Let n = 73 + t. Let p = n + 338. What is the tens digit of p?
1
Let v = 15557 - 15563. Let c(b) = -4*b**3 + 6*b**2 + 2*b + 4. Let l(q) = 3*q**3 - 6*q**2 - q - 5. Let d(j) = -4*c(j) - 5*l(j). What is the units digit of d(v)?
7
Let k(y) be the first derivative of -y**4/4 + 23*y**3/3 - 4*y**2 - 45*y - 7. What is the hundreds digit of k(21)?
6
Let g = 51 - 20. Let r = g + -11. Suppose r*q + 160 = 24*q. What is the units digit of q?
0
Suppose -3*a - 1 = -2*x + 33, 57 = -5*a + 3*x. Let y(l) = -l**3 + 6*l + 4. Let v be y(-4). Let z = v + a. What is the units digit of z?
2
Let s(y) = y**2 - 14*y + 33. Let b be s(3). Suppose 5*r = b, 4*p - 2*r - 2*r - 2160 = 0. What is the tens digit of p?
4
Let t = -641 - -4361. What is the tens digit of t?
2
Suppose -4*m = -2*d + 27655 + 25617, -4*m + 79868 = 3*d. Suppose 9604 = -38*x + d. What is the units digit of x?
8
Suppose 0 = -179*l + 175*l - 20, -4*d - 3*l + 15297 = 0. What is the hundreds digit of d?
8
Let c(n) = -11*n**3 + 4*n**2 - 58*n - 474. What is the units digit of c(-7)?
1
Suppose 5*z = -3*h - 34, -3*h + 4 - 8 = -z. What is the units digit of ((-191)/h)/(4/36)?
3
Suppose 5*b + 45 = 5*u, 0 = 7*b - 5*b + 10. Suppose 0 = u*n - 1013 + 85. What is the tens digit of n?
3
Let t(u) = u. Let l be (50/(-14) - -3)/(1/(-7)). Let y be t(l). Suppose -230 = -h - y*z, -5*h + z + 1180 = 6*z. What is the tens digit of h?
3
What is the thousands digit of ((-2 - (-147728)/(-21))*6/5)/(-2)?
4
Let i(m) = -6362*m + 34. What is the units digit of i(-1)?
6
Suppose 3*n + 2*c = 14039, 4*n + c = 872 + 17855. What is the tens digit of n?
8
Let o = -34 + 62. Suppose -6*r + 13*r = -o. What is the tens digit of 41*(r/(-1) - 0)?
6
Suppose 3*x = 3*m + 21, -38*x - 5*m - 17 = -34*x. Suppose -3*t = -x*p - 3898, t = -2*t - p + 3901. What is the units digit of t?
0
Let x(f) = -f**3 + 39*f**2 + 30*f + 57. What is the hundreds digit of x(24)?
4
Suppose q + 2*u = -0*u + 2, 5*u = 5*q - 25. Let f(k) = -2*k**2 - 9*k**3 + 2*k + 11 - q*k - 10. What is the tens digit of f(-2)?
6
Let c(k) = k - 16. Let j be c(4). Let r be -2 + (j/(-8))/(9/(-228)). Let n = r + 47. What is the units digit of n?
7
Let p = 188 + -221. Let z = p - -94. What is the units digit of z?
1
Let d(a) = 186*a**2 - 1. Suppose -3*m + w + 7 = 0, 2*w = 5*m - 3*w - 25. Let c be 2/(-1) + (4 + m)/5. What is the units digit of d(c)?
5
Let y = -17046 + 46876. What is the units digit of y?
0
Let t be (-1)/((-8)/50) - 3/12. Let n(d) = d**3 - 8*d**2 + 9*d - 7. Let l be n(7). What is the tens digit of (l/((-14)/t))/((-6)/20)?
1
What is the thousands digit of -10 - (-1702)/161 - (-713236)/14?
0
Suppose -h - 3 = -2*p, -3*h = -p - 1 + 10. Suppose -150 = 3*q - p*q. Let f = q + 120. What is the tens digit of f?
7
Let y = 312 + -303. Let v be (-2)/6 + 21/9. What is the tens digit of 174*(v + y/(-6))?
8
What is the hundreds digit of 86980/110*55/10?
3
Suppose 33*h - 251*h - 1577729 = -18700539. What is the units digit of h?
5
Let m = 66 + -159. Let u = -91 - m. Suppose 19 = 2*b - z, u*b = -b - 3*z + 6. What is the units digit of b?
7
Suppose -5*j + 1368 = j. Let w = 136 + -291. Let c = w + j. What is the tens digit of c?
7
Suppose 16 = -c + 11. What is the tens digit of 5169/9 + ((-5)/(-3))/c?
7
Suppose b + 3*y - 19 = 0, 10*y - 3 = 3*b + 7*y. Suppose 0 = 3*c + 2*u + 2*u - 719, -b*u + 8 = 0. What is the tens digit of c?
3
Let r(l) = -22*l + 39. Let b be r(-21). Suppose 2*a - 575 = b. What is the hundreds digit of a?
5
Suppose 5580*g = 5608*g - 1740760. What is the thousands digit of g?
2
Let h(w) = w**3 + 5*w**2 + 4*w. Let r be h(-4). Suppose 3*y - 632 - 532 = r. Suppose 5*g = -2*c + 483, -7*g - 2*c = -3*g - y. What is the units digit of g?
5
Let z(v) = -2*v - 59. Let p be z(-13). What is the tens digit of ((-104)/(-12))/((-2)/p + 0)?
4
Let c(h) = 3*h**2 - 122*h + 366. What is the units digit of c(52)?
4
Suppose -4668 = 16*r + 10468. Let p = r - -1702. What is the hundreds digit of p?
7
Let b be ((-4)/(-10))/((-13)/(-975)). What is the units digit of 5/(50/532) + (-6)/b?
3
Suppose -2*d + 5*l = -4104, -4*d + 301*l - 296*l = -8238. What is the hundreds digit of d?
0
Let y(c) = -2*c**3 - 20*c**2 - 3*c - 27. Let v be y(-10). Suppose 0 = -5*d + v*g + 6940, 4*g = 5*d - 4*d - 1371. What is the hundreds digit of d?
3
Suppose -42*n = -36*n - 48. Suppose -1991 = -n*u - 551. What is the units digit of u?
0
Let v(b) = -2*b**3 - 17*b**2 - 4*b - 27. Let a = 152 - 162. What is the units digit of v(a)?
3
Suppose 2*k - 11350 = -3*b, -5*k - 1606 - 2200 = -b. What is the tens digit of b?
8
Suppose 0 = r + x - 7, -2*r + x = 2*x - 9. Suppose r*u = 5*w + 239, -2*u + 0*w - w = -233. What is the units digit of u?
7
What is the units digit of 11334/3*(-69 - -74)?
0
Suppose 8100330 = -150*t + 388*t. What is the ten thousands digit of t?
3
What is the tens digit of (-9)/(-135) - (-1198868)/330?
3
Let g = -37 + 39. Let l(i) = i - 4*i + 4*i + 31 + g*i. What is the tens digit of l(7)?
5
Let b = -17715 - -33444. What is the ten thousands digit of b?
1
Let c(z) = -9*z**2 + 2. Let x be c(-1). Let s(a) = -90*a - 11. Let j be s(x). Let r = j - 417. What is the hundreds digit of r?
2
Let u(l) = -l**3 - l**2 - 5*l + 0*l**2 + 3*l**2 + 4. Let m = -478 - -473. What is the tens digit of u(m)?
0
Let z(w) = -68*w**3 + 33*w**2 + 105*w - 4. What is the tens digit of z(-8)?
8
Let a = -77 - -84. Suppose 3*s - 1209 = -3*w, -a*w + 6*w + s + 397 = 0. What is the tens digit of w?
0
Let o = 143 + -119. What is the units digit of 9/(-12) + 6306/o?
2
Suppose -165*g - 5*j + 1568 = -164*g, -2*g = -3*j - 3175. What is the thousands digit